 divided by 126?
122
Calculate the remainder when 22/77 - 4436/(-7) is divided by (4/(-6))/(632/636 - 1).
104
Let i = -16 + 20. Suppose -3*m = i*m - 91. Let t = -3 + m. What is the remainder when t is divided by 8?
2
Let k be (-22)/((-4)/(-6) + 72/(-27)). Suppose -3 = y - t, -t - 2*t - k = y. Let d = y - -26. What is the remainder when 39 is divided by d?
18
What is the remainder when 1/((19/267463)/((-1)/(-10 + 3))) is divided by 43?
33
Let v be 1920/(-18) + 4/6. Let w = 325 + v. Suppose -2*r + 3*o = -w, 0 = 2*o - 0 - 10. What is the remainder when r is divided by 40?
37
Suppose 4*s + 3*l = 43, -5*l - 2 = s - 0*l. Let q(p) = p - 2. Let m be q(4). Calculate the remainder when (-80)/35 + m + (-270)/(-14) is divided by s.
6
Let t be (-5 + 14/3)*(-15)/(-1). Let w be 448/t + ((-48)/(-10))/8. Let p = w + 126. What is the remainder when p is divided by 10?
7
Suppose 306 = 3*u - 0*s - s, 0 = 8*s - 4*s. Calculate the remainder when 700 is divided by u.
88
Suppose -56 = 2*f - 10*f. What is the remainder when 45/(-675) - (-662)/30 is divided by f?
1
Let v = 245 + -226. Let l(s) be the third derivative of -11*s**4/12 + 4*s**3/3 - s**2. Calculate the remainder when l(-3) is divided by v.
17
Let x(b) = b**3 - 18*b - 7. Let g = -83 + 79. What is the remainder when 14 is divided by x(g)?
0
Let y(o) be the second derivative of -82*o**5/5 + o**4/12 + o**3/3 + o**2 - 96*o. What is the remainder when y(-1) is divided by 30?
29
Suppose 155 = 19*o - 16. Calculate the remainder when 115 is divided by o.
7
Let y(z) = z**2 - 3*z. Let w be -22*(-1)/6 + (-9)/(-27). Suppose 2*r = -5*g + 26, 0 = w*g - 0*g - 5*r - 1. Calculate the remainder when y(5) is divided by g.
2
What is the remainder when -3 - 1 - ((-440)/(-165))/(4/(-1242)) is divided by 7?
5
Let b(p) = -p**2 - 10*p + 2. Suppose -4*g - 7 = 5. Calculate the remainder when 8/(6/g) + 43 is divided by b(-9).
6
Let j = 14 + -10. Suppose -2*o - c + j*c + 54 = 0, 68 = 2*o + 4*c. Let i = o - -6. What is the remainder when 70 is divided by i?
34
Let b(n) = n - 5. Let a(q) be the first derivative of -q**3/3 - 5*q**2 - 7*q - 10. Let y be a(-3). Calculate the remainder when b(y) is divided by 4.
1
Let q = -189113 - -189216. Let p be 12/20 - (-2)/5. What is the remainder when q is divided by (18/2)/p - 1?
7
Let o = -118 - -129. Suppose -m = -2 - 4. Suppose 0 = -m*f + 104 + 88. What is the remainder when f is divided by o?
10
Let q(n) = 16*n - 27. Let s be q(5). Let i = 58 - s. Suppose 5*a - 112 = a - 4*m, -i*a = 4*m - 145. Calculate the remainder when a is divided by 18.
15
Let i = -19 + 39. Let w = i + -20. Suppose w*y - 5*y = -5. What is the remainder when 2 is divided by y?
0
Let v(o) = -4*o**3 - 21*o**2 - o + 2. Let h(k) = k**3 + 12*k**2 - 2*k + 6. Calculate the remainder when v(-6) is divided by h(-12).
26
Let r(v) = 3*v**2 - 25*v - 7. Let o be (-36)/8*(-16)/6 - 4. Let j be r(o). Let h = j - -33. Calculate the remainder when 123 is divided by h.
15
Suppose 0 = 5*h + 3*h + 640. Suppose -b - 46 = -0*s - 3*s, -3*s + 3*b + 54 = 0. What is the remainder when s is divided by (-2 + 0 + (-96)/h)*-5?
2
Let k = 176 - 109. Let q = -62 + k. Suppose w - 110 = -q*p - 0*w, 88 = 3*p + 5*w. What is the remainder when 81 is divided by p?
18
Let v be (-4 - (-21)/6)/(2/4). Let r be (3 - 8 - v)*1/(-2). Suppose 0 = 7*d - 2*d - 25, r*o = 3*d + 49. Calculate the remainder when 93 is divided by o.
29
Let n(s) = s + 974. Calculate the remainder when n(-81) is divided by 25.
18
Let y = -37 + 35. Let l be 3*(-8)/12 + y. Let v = l - -11. What is the remainder when v is divided by 3?
1
Let p(g) = 34*g + 3605. Calculate the remainder when p(-92) is divided by 54.
45
Calculate the remainder when 54 is divided by -5*((-45)/5)/(-45) - -29.
26
Suppose -2*c - 1515 = -5*w, -3*w - 1200 = -7*w + 4*c. What is the remainder when w is divided by (137 - 118) + -3 + 1 + -8?
8
What is the remainder when (5880/(-2))/(-12) - 15 is divided by 62?
44
Suppose -336*q + 22199 = -57769. Calculate the remainder when q is divided by 215.
23
Let i be ((-12)/16)/((-10)/5680). Let d = i + -403. Let v = -18 + 30. What is the remainder when d is divided by v?
11
Let c(y) = y**2 + 69*y + 17. Calculate the remainder when c(-86) is divided by 6.
3
What is the remainder when 171 is divided by (-84)/(-18)*3 - -103?
54
Suppose -11*u = -227 - 180. Suppose u*n = 43*n - 18. Calculate the remainder when 20 is divided by n.
2
Let b = 10044 + -8503. What is the remainder when b is divided by 91?
85
Let m be -3*2*2/(-4). Suppose -13 = -m*i + 167. Suppose 0 = 5*u - 5*p - i, p + 30 = u + 2*u. What is the remainder when u is divided by 4?
1
Let b be ((-15560)/(-32) - -6) + 1/(-4). Let g = b - 261. What is the remainder when g is divided by 39?
36
Let w(x) = -x**2 - 12*x + 14. Let q(c) = 5*c**2 - 11*c - 27. Let y be q(-14). Suppose 46*k + y = 55*k. What is the remainder when k is divided by w(-12)?
11
Suppose -127*o + 32*o + 3515 = 0. Calculate the remainder when 223 is divided by o.
1
Suppose 8930 = -27*z + 316*z - 55228. What is the remainder when z is divided by 69?
15
What is the remainder when 1562 is divided by (-1)/((-30)/(-27) - 1) + 421 + -360?
2
Suppose 1100 = 100*s - 500. What is the remainder when 1165 is divided by s?
13
Suppose 5*s - 4942 = 280*p - 282*p, -4 = -4*p. What is the remainder when s is divided by 55?
53
Let f = 46 + 14. What is the remainder when f/(-330) - (-1984)/22 is divided by 23?
21
Suppose -20*k = 23*k - 14663. Let p = -317 + k. Calculate the remainder when 215 is divided by p.
23
What is the remainder when ((-2)/4 - 209562/(-28)) + (-4)/(-28) is divided by 15?
14
Suppose -6*o + 3 = -21. Let v be o*((-5)/10 - -1). What is the remainder when (-13 + 71)*3/v is divided by 30?
27
Suppose 0 = 17*w - 7*w. Suppose s = -3*a + 52, 2*a - 3*s + w = 20. Calculate the remainder when a is divided by -1*14*3/(-6).
2
Suppose -106*b = -569 - 1021. Calculate the remainder when 612 is divided by b.
12
Let s(u) = -149*u - 535. What is the remainder when 10124 is divided by s(-4)?
59
Let d = 1 + 0. Let y be -6 + (-8)/(0 - -4). Calculate the remainder when y/(-2) - (-12)/d is divided by 6.
4
Let a = -242 - -434. Suppose 4*j - 2*s = 352, j - 5*s = -j + a. What is the remainder when j is divided by 32?
22
Suppose -14*i - 15815 = -b - 11*i, i + 31610 = 2*b. Suppose -4395 = 46*x - b. Calculate the remainder when x is divided by 80.
8
Suppose 2*g = o - 336, -6*g + 8*g + 1656 = 5*o. What is the remainder when 340 is divided by o?
10
Suppose 11*u + 5*u = -3*u + 8227. Calculate the remainder when u is divided by 8.
1
Suppose b = -q + 329, 3*q - b = 403 + 620. What is the remainder when 1508 is divided by q?
156
What is the remainder when (-1 + (-45)/(-27))/((-2)/(-1074)) is divided by 56?
22
Suppose 0 = -4*v - 3*l + 125, 0*v = -4*v + 4*l + 104. Suppose -22 = 3*z - 31. Suppose z*p - 561 = -45. Calculate the remainder when p is divided by v.
27
Let w = 2957 - 2342. What is the remainder when w is divided by 88?
87
Let s be (1*(-2)/4)/((-63)/(-630)). Let n = 13 - s. Calculate the remainder when 3 + (3 - 3) + 46 is divided by n.
13
Suppose -20*v = 17*v - 89596 - 58959. What is the remainder when v is divided by 21?
4
Suppose 4*m + 8752 = 4*z, 10936 = 5*z - 6*m + 2*m. Suppose -4*y - z = -3*q, -9 = -13*y + 16*y. What is the remainder when q is divided by 25?
24
Suppose -u + 3*o + 333 = 0, 2*o = 7*o + 20. Suppose -u + 2367 = 6*p. What is the remainder when p is divided by 9?
8
What is the remainder when 283 is divided by (12/(-22))/(-3)*(3 - -206)?
17
Let i(z) = 233*z**2 - 15*z + 8. Let c = 178 - 119. What is the remainder when i(1) is divided by c?
49
What is the remainder when 1006 is divided by -7 + ((-9)/((-252)/80))/(10/105)?
17
Let w(x) = -x**2 - 4*x + 5. Let z be w(-4). Suppose -z*l - 5*b + 100 = 0, -3*b + 16 = 1. Calculate the remainder when l is divided by (-2 - 0)/(1/(-12)*3).
7
Suppose -4*n = -13*o + 11*o + 490, -n = -5*o + 1207. What is the remainder when o is divided by 21?
10
Suppose r - 4*r = -y - 42, 3*r - 36 = 3*y. Let g(m) = 12*m**2 - 25*m. What is the remainder when g(6) is divided by r?
12
Suppose 69 - 26 = g + 4*j, -2*j = -16. Calculate the remainder when 4824 is divided by g.
6
Suppose -12*j - 17*j + 174598 = -6275. Calculate the remainder when j is divided by 26.
23
Suppose